e prime factors of 1159885.
5, 229, 1013
List the prime factors of 2006469.
3, 222941
What are the prime factors of 5282306?
2, 2641153
What are the prime factors of 8976344?
2, 13, 86311
List the prime factors of 14799692.
2, 337, 10979
What are the prime factors of 250239?
3, 11, 7583
List the prime factors of 155326.
2, 37, 2099
List the prime factors of 16818748.
2, 4204687
What are the prime factors of 23364348?
2, 3, 7, 278147
What are the prime factors of 1503101?
41, 61, 601
List the prime factors of 2888912.
2, 13, 17, 19, 43
List the prime factors of 21914058.
2, 3, 1213, 3011
List the prime factors of 464594.
2, 13, 107, 167
What are the prime factors of 11374269?
3, 3791423
What are the prime factors of 83221?
83221
List the prime factors of 3696996.
2, 3, 191, 1613
List the prime factors of 406147.
7, 17, 3413
List the prime factors of 18320668.
2, 337, 13591
List the prime factors of 24168.
2, 3, 19, 53
What are the prime factors of 739684?
2, 11, 16811
What are the prime factors of 5451388?
2, 67, 20341
List the prime factors of 3820315.
5, 29, 26347
List the prime factors of 1088545.
5, 43, 61, 83
What are the prime factors of 682363?
11, 17, 41, 89
What are the prime factors of 1621357?
1621357
What are the prime factors of 23668323?
3, 7, 161009
What are the prime factors of 3498818?
2, 59, 149, 199
What are the prime factors of 1962335?
5, 392467
What are the prime factors of 281181?
3, 19, 4933
What are the prime factors of 6253012?
2, 1563253
List the prime factors of 119497.
7, 43, 397
What are the prime factors of 823085?
5, 164617
What are the prime factors of 7379397?
3, 273311
List the prime factors of 125528.
2, 13, 17, 71
What are the prime factors of 677745?
3, 5, 15061
What are the prime factors of 16964327?
16964327
What are the prime factors of 5746296?
2, 3, 239429
What are the prime factors of 214382?
2, 7, 15313
List the prime factors of 58704.
2, 3, 1223
What are the prime factors of 2568193?
397, 6469
List the prime factors of 24463863.
3, 149, 2027
What are the prime factors of 2062601?
53, 38917
What are the prime factors of 16522540?
2, 5, 607, 1361
List the prime factors of 350390.
2, 5, 37, 947
List the prime factors of 4188188.
2, 17, 3623
What are the prime factors of 241761?
3, 13, 6199
What are the prime factors of 14349869?
31, 462899
List the prime factors of 19211172.
2, 3, 283, 5657
What are the prime factors of 2940?
2, 3, 5, 7
What are the prime factors of 28560096?
2, 3, 131, 757
What are the prime factors of 1088601?
3, 362867
List the prime factors of 56074.
2, 23, 53
List the prime factors of 207558.
2, 3, 13, 887
What are the prime factors of 766751?
17, 23, 37, 53
List the prime factors of 453546.
2, 3, 37, 227
What are the prime factors of 295710?
2, 3, 5, 9857
List the prime factors of 4226043.
3, 23, 73, 839
What are the prime factors of 995368?
2, 11, 11311
What are the prime factors of 366532?
2, 43, 2131
List the prime factors of 254843.
73, 3491
List the prime factors of 662729.
131, 5059
What are the prime factors of 2639055?
3, 5, 175937
What are the prime factors of 313898?
2, 13, 12073
What are the prime factors of 2986701?
3, 995567
List the prime factors of 512192.
2, 53, 151
List the prime factors of 1471964.
2, 13, 28307
What are the prime factors of 15335675?
5, 613427
What are the prime factors of 862590?
2, 3, 5, 28753
What are the prime factors of 3964708?
2, 11, 90107
What are the prime factors of 1978099?
419, 4721
What are the prime factors of 244964?
2, 47, 1303
List the prime factors of 1402276.
2, 19, 18451
What are the prime factors of 3445562?
2, 131, 13151
List the prime factors of 17754158.
2, 619, 14341
What are the prime factors of 7870330?
2, 5, 13, 4657
What are the prime factors of 1763189?
17, 6101
What are the prime factors of 2872798?
2, 29, 49531
List the prime factors of 340562.
2, 47, 3623
List the prime factors of 2046620.
2, 5, 31, 3301
What are the prime factors of 20541964?
2, 19, 31, 8719
List the prime factors of 2912845.
5, 13, 41, 1093
What are the prime factors of 6454276?
2, 419, 3851
List the prime factors of 6315443.
431, 14653
List the prime factors of 1135481.
17, 3929
What are the prime factors of 1469732?
2, 11, 33403
List the prime factors of 1690153.
1690153
What are the prime factors of 174740?
2, 5, 8737
List the prime factors of 3777154.
2, 463, 4079
What are the prime factors of 2576481?
3, 41, 20947
What are the prime factors of 17091554?
2, 43, 353, 563
What are the prime factors of 433540?
2, 5, 53, 409
List the prime factors of 103492.
2, 25873
What are the prime factors of 1827144?
2, 3, 11, 769
What are the prime factors of 409839?
3, 67, 2039
List the prime factors of 37129797.
3, 23, 181, 991
List the prime factors of 635429.
173, 3673
What are the prime factors of 657893?
657893
What are the prime factors of 2000477?
109, 18353
What are the prime factors of 16385394?
2, 3, 2730899
What are the prime factors of 22465590?
2, 3, 5, 7, 106979
List the prime factors of 112145.
5, 11, 2039
List the prime factors of 4251842.
2, 7, 303703
What are the prime factors of 75079?
75079
List the prime factors of 5303705.
5, 11, 96431
What are the prime factors of 3619533?
3, 23, 52457
List the prime factors of 4054667.
4054667
List the prime factors of 35216736.
2, 3, 366841
What are the prime factors of 2706839?
1297, 2087
What are the prime factors of 16262582?
2, 7, 109, 10657
List the prime factors of 2264700.
2, 3, 5, 7549
What are the prime factors of 1748981?
13, 79, 131
List the prime factors of 1018270.
2, 5, 11, 9257
List the prime factors of 5684804.
2, 113, 12577
What are the prime factors of 51612?
2, 3, 11, 17, 23
What are the prime factors of 295715?
5, 7, 17, 71
What are the prime factors of 352377?
3, 31, 421
List the prime factors of 4484195.
5, 23, 38993
List the prime factors of 1523256.
2, 3, 7, 9067
List the prime factors of 77225.
5, 3089
What are the prime factors of 3232722?
2, 3, 109, 4943
What are the prime factors of 15274016?
2, 477313
What are the prime factors of 143680?
2, 5, 449
What are the prime factors of 272426?
2, 7, 11, 29, 61
What are the prime factors of 86598?
2, 3, 17, 283
List the prime factors of 14614427.
71, 205837
What are the prime factors of 463379?
7, 53, 1249
List the prime factors of 130635.
3, 5, 2903
List the prime factors of 272912.
2, 37, 461
What are the prime factors of 448066?
2, 224033
List the prime factors of 2669738.
2, 113, 11813
List the prime factors of 672604.
2, 168151
What are the prime factors of 14127933?
3, 179, 26309
List the prime factors of 113186.
2, 17, 3329
List the prime factors of 578552.
2, 13, 5563
List the prime factors of 72017.
11, 6547
What are the prime factors of 233369?
109, 2141
What are the prime factors of 549700?
2, 5, 23, 239
What are the prime factors of 665521?
29, 53, 433
What are the prime factors of 245425?
5, 9817
List the prime factors of 128227.
11, 11657
List the prime factors of 21641.
17, 19, 67
What are the prime factors of 10068302?
2, 1049, 4799
What are the prime factors of 234011?
241, 971
What are the prime factors of 1945294?
2, 13, 23, 3253
What are the prime factors of 541913?
149, 3637
What are the prime factors of 1349769?
3, 233, 1931
List the prime factors of 1766659.
31, 56989
List the prime factors of 2016796.
2, 37, 13627
List the prime factors of 4473278.
2, 17, 149, 883
List the prime factors of 880263.
3, 47, 2081
What are the prime factors of 649901?
7, 227, 409
What are the prime factors of 3167138?
2, 13, 181, 673
What are the prime factors of 5932478?
2, 1297, 2287
What are the prime factors of 222938?
2, 17, 79, 83
What are the prime factors of 133098?
2, 3, 7, 3169
What are the prime factors of 509527?
37, 47, 293
What are the prime factors of 291717?
3, 32413
List the prime factors of 8430156.
2, 3, 7, 59
What are the prime factors of 2884838?
2, 11, 131129
What are the prime factors of 3928763?
19, 10883
What are the prime factors of 23488162?
2, 41, 97, 2953
List the prime factors of 7629300.
2, 3, 5, 7, 173
List the prime factors of 384133.
384133
List the prime factors of 15180397.
37, 410281
What are the prime factors of 3207726?
2, 3, 178207
What are the prime factors of 11202394?
2, 7, 800